
Let s(r) = 161*r + 1496. Give s(-10).
-114
Let b(t) = 44*t - 338. Determine b(8).
14
Let w(j) = -97*j + 777. Determine w(8).
1
Let b(g) = 2*g**3 + 15*g**2 + 69*g + 300. Calculate b(-6).
-6
Let m(i) = i**3 - 21*i**2 + 65*i - 3. Calculate m(4).
-15
Let v(o) = 54*o - 647. Give v(10).
-107
Let q(c) = 23*c - 2. Give q(0).
-2
Let l(v) = -9*v - 649. Give l(-71).
-10
Let s(f) = -f**2 - 21*f - 302. Give s(-18).
-248
Let w(q) = -q**3 + 7*q**2 + 25*q - 16. Give w(7).
159
Let a(l) = 1743*l - 19167. What is a(11)?
6
Let n(w) = -2*w**3 + 15*w**2 - 16*w + 1. What is n(7)?
-62
Let o(i) = 2*i**2 + 51*i - 1568. Give o(18).
-2
Let q(d) = -217*d - 9110. Calculate q(-42).
4
Let j(h) = 3*h**2 + 62*h + 240. Give j(-15).
-15
Let f(s) = 2*s**3 - 4*s**2 - 38*s - 132. What is f(-4)?
-172
Let r(m) = 3*m**2 + 31*m - 1986. Calculate r(21).
-12
Let t(h) = 639*h - 10839. Give t(17).
24
Let g(p) = 4*p**2 - 60*p + 113. Give g(13).
9
Let p(i) = i**2 - 383*i + 2676. Calculate p(7).
44
Let q(w) = -114*w**3 - w - 1. Determine q(-1).
114
Let g(b) = -b**3 + 289*b**2 + 584*b - 566. Give g(291).
16
Let x(j) = j**2 - 24*j - 87. What is x(22)?
-131
Let q(t) = -t**2 + 273*t + 5844. Determine q(293).
-16
Let y(r) = 2100*r - 4200. Calculate y(2).
0
Let a(b) = -41*b - 332. Calculate a(-8).
-4
Let k(z) = z**2 + 26*z - 145. What is k(11)?
262
Let x(c) = -39*c**2 - c - 1. Determine x(-1).
-39
Let q(j) = -193*j - 764. Determine q(-4).
8
Let q(d) = 453*d - 5932. Calculate q(13).
-43
Let c(m) = 8*m**2 + 34*m + 13. What is c(-6)?
97
Let k(r) = 12*r**2 + 70*r - 25. Give k(-9).
317
Let q(c) = 35*c + 2866. Determine q(-82).
-4
Let l(f) = -36*f - 60. Calculate l(-3).
48
Let d(b) = b**3 - 37*b**2 - 81*b + 42. What is d(39)?
-75
Let v(u) = u**2 - 30*u - 25. Give v(9).
-214
Let o(f) = -43*f**2 + 4. Determine o(-2).
-168
Let n(q) = 4*q**2 - 104*q + 489. What is n(20)?
9
Let l(w) = w**3 + 47*w**2 - 49*w - 68. What is l(-48)?
-20
Let z(o) = 11*o - 237. What is z(22)?
5
Let b(j) = 2*j**2 + 15*j + 85. Calculate b(-9).
112
Let j(d) = -100*d + 15100. Give j(151).
0
Let c(n) = -343*n + 2032. Calculate c(6).
-26
Let p(a) = -a**2 + 90*a - 997. Calculate p(21).
452
Let j(o) = -2*o**2 + 49*o - 9. Give j(10).
281
Let l(g) = 2*g**2 + 408*g - 2085. Calculate l(5).
5
Let o(u) = u**3 + 7*u**2 - 96*u - 701. Calculate o(-11).
-129
Let a(k) = 56*k**2 - 49*k + 139. Determine a(3).
496
Let t(y) = -2*y**3 + 2579*y - 5150. Determine t(2).
-8
Let z(a) = 2*a**2 + 63*a - 217. Calculate z(-35).
28
Let y(z) = -4*z + 8. Give y(13).
-44
Let w(d) = -99*d**2 - 34*d + 37. Give w(1).
-96
Let k(x) = -33*x - 9. Calculate k(3).
-108
Let z(p) = 42*p + 104. Give z(6).
356
Let b(f) = -62*f**2 - 435*f - 2. What is b(-7)?
5
Let q(d) = -43*d + 3168. Determine q(75).
-57
Let u(g) = g**2 + 5*g + 56. What is u(-8)?
80
Let c(b) = 16*b**3 + 27*b**2 + 4*b + 18. Determine c(-2).
-10
Let g(i) = 12*i**2 - 660*i + 658. Give g(1).
10
Let l(c) = -3*c**3 + 25*c**2 + 24*c - 50. Calculate l(9).
4
Let p(c) = c**2 - 76*c - 941. Calculate p(87).
16
Let h(z) = -6*z**3 - 2*z**2 + 27*z + 28. Determine h(-1).
5
Let d(b) = -32*b - 50. Give d(5).
-210
Let h(p) = -43*p**2 + 1460*p + 137. Calculate h(34).
69
Let x(k) = -k**3 + 37*k**2 - 94*k - 260. Give x(34).
12
Let h(r) = 12*r**3 + 8*r**2 - 12*r. Determine h(2).
104
Let s(r) = -43*r + 18. Determine s(-2).
104
Let r(z) = -6*z**2 - 192*z + 8532. Give r(-57).
-18
Let j(d) = -3*d**3 + 22*d**2 + 27*d + 3. Calculate j(9).
-159
Let t(h) = h**3 - 94*h**2 + 983*h + 23. Give t(82).
-59
Let o(v) = -5*v**3 - 13*v**2 - 6*v + 2. Determine o(-1).
0
Let p(h) = -210*h - 2142. Calculate p(-10).
-42
Let m(u) = -6*u**2 - 15*u - 56. What is m(-5)?
-131
Let h(p) = 3*p**2 + 76*p - 4166. What is h(-52)?
-6
Let g(p) = p**3 + 7*p**2 - 7*p + 10. Give g(2).
32
Let g(a) = -30*a**2 + 571*a - 15. Give g(19).
4
Let t(s) = 275*s + 550. What is t(-2)?
0
Let d(i) = -i**2 - 181*i - 3756. Determine d(-157).
12
Let x(t) = -28*t - 120. What is x(-7)?
76
Let i(d) = -4*d**3 - 28*d**2 + d + 46. Determine i(-6).
-104
Let g(w) = 111*w**2 + 12*w + 2. What is g(-1)?
101
Let j(p) = -13*p**2 + 448*p + 456. What is j(-1)?
-5
Let a(k) = 22193*k + 110967. Determine a(-5).
2
Let f(m) = m**2 - 37*m - 115. Calculate f(43).
143
Let f(i) = -i**3 + i**2 + 8*i - 6. What is f(0)?
-6
Let g(a) = 1238*a + 22284. What is g(-18)?
0
Let t(q) = 85*q + 42. Determine t(-1).
-43
Let i(k) = 2955*k + 14743. Calculate i(-5).
-32
Let z(b) = 178*b + 1519. Give z(-5).
629
Let o(m) = 520*m + 489. Calculate o(-1).
-31
Let i(p) = p**3 - 32*p**2 - 49*p + 204. Give i(33).
-324
Let j(p) = p**2 + 165*p + 475. Give j(-3).
-11
Let d(f) = -f**3 - 6*f**2 + 6*f - 12. Give d(-6).
-48
Let p(s) = 2*s**2 - 184*s - 339. Calculate p(94).
37
Let h(x) = 2*x**3 + 30*x**2 + 30*x + 19. Determine h(-14).
-9
Let o(h) = -3*h**2 - 146*h + 297. Give o(2).
-7
Let z(a) = 5021*a + 5030. What is z(-1)?
9
Let l(s) = 3*s**3 - 34*s**2 + 39*s + 7. Determine l(10).
-3
Let n(p) = -187*p - 2985. What is n(-16)?
7
Let g(z) = z**3 + 14*z**2 - 107*z - 11. Give g(7).
269
Let r(o) = 6*o**2 + 25*o + 115. Give r(-5).
140
Let n(g) = -g + 30. Determine n(43).
-13
Let b(j) = j**2 - 8*j - 12. What is b(-9)?
141
Let i(r) = 3174*r - 28586. What is i(9)?
-20
Let k(j) = -j**3 - 7*j**2 - 13*j - 11. Determine k(-10).
419
Let z(d) = -478*d + 435. Calculate z(1).
-43
Let a(j) = -2*j**3 - 89*j**2 - 133*j - 68. Give a(-43).
104
Let n(y) = 2*y**2 + 604*y + 17744. Calculate n(-33).
-10
Let u(t) = 2*t**3 - 11*t**2 - 39*t - 20. What is u(-3)?
-56
Let n(a) = 1845*a + 4. Give n(0).
4
Let d(j) = j**3 - 28*j**2 + 71*j - 1982. Determine d(28).
6
Let c(f) = f**3 - 31*f**2 - 43*f - 322. What is c(32)?
-674
Let t(n) = -60*n + 10073. Give t(168).
-7
Let s(n) = n**2 + 9*n - 83. Determine s(-14).
-13
Let g(v) = 127*v - 318. What is g(2)?
-64
Let u(o) = -2*o**3 - 13*o**2 + 133*o + 18. Determine u(-12).
6
Let m(q) = 23*q - 50. Determine m(2).
-4
Let y(t) = 8*t**2 + 22*t - 88. Give y(4).
128
Let t(c) = 17*c**2 - 46*c - 26. Give t(-5).
629
Let k(a) = -3*a**2 - 185*a - 2742. Give k(-25).
8
Let n(s) = 568*s**2 + 60775*s - 110. Determine n(-107).
-3
Let z(g) = -2*g**2 + 23*g - 41. Determine z(6).
25
Let f(i) = i**3 - 12*i**2 + 29*i - 20. Give f(8).
-44
Let l(d) = -6*d**2 - 19*d - 10. What is l(-4)?
-30
Let v(d) = d**2 + 27*d - 492. Calculate v(-43).
196
Let u(i) = -4*i**2 + 132*i - 123. Give u(32).
5
Let o(n) = 2*n**3 + 129*n**2 - 56*n + 592. Give o(-65).
7
Let d(k) = -k**3 - 27*k**2 - 65*k + 1036. Give d(-21).
-245
Let k(n) = n**2 - 40*n + 424. Calculate k(20).
24
Let k(p) = -p**3 - 8*p**2 - 21*p - 60. Determine k(-6).
-6
Let z(h) = h**2 + 16*h + 78. What is z(-10)?
18
Let z(k) = -23*k**2 + 169*k + 280. Give z(9).
-62
Let y(i) = 35*i**3 + 7*i**2 - 4*i - 7. Determine y(-1).
-31
Let x(a) = 58*a**2 - 178*a + 3. Determine x(4).
219
Let h(n) = 10*n**2 + 10*n - 5. Calculate h(3).
115
Let c(v) = -v**2 - 3*v + 13. Determine c(-11).
-75
Let o(r) = r**2 - 3891*r + 19432. Give o(5).
2
Let w(p) = -4*p**3 + 12*p**2 + 10. Give w(6).
-422
Let j(l) = -2*l**2 - 164*l + 282. Calculate j(-85).
-228
Let q(d) = -d**3 + 6*d**2 + 61*d - 91. Give q(11).
-25
Let s(w) = w**2 - 142*w + 5016. Determine s(75).
-9
Let m(j) = -3*j**2 - 120*j - 745. Give m(-6).
-133
Let a(m) = -22*m**3 - 3*m**2 - 8*m - 3. What is a(-1)?
24
Let b(t) = -73*t - 122. Give b(-3).
97
Let r(v) = v**3 + 2*v**2 + v + 3. What is r(2)?
21
Let v(u) = 2*u**2 - 34*u - 35. Calculate v(17).
-35
Let r(g) = -8*g**3 + 22*g**2 + 16*g - 37. Give r(4).
-133
Let m(d) = -172*d + 1036. Give m(6).
4
Let i(f) = 5*f**3 - 155*f**2 + 10*f - 305. Determine i(31).
5
Let v(g) = -g**2 + 15*g + 322. What is v(-26)?
-744
Let y(c) = 637*c**3 + 2*c**2 + 9*c - 11. What is y(1)?
637
Let p(c) = 3855*c + 53975. What is p(-14)?
5
Let r(k) = 25*k**2 + 22*k - 8. Calculate r(2).
136
Let x(i) = -7*i - 165. Calculate x(-13).
-74
Let m(o) = 67*o + 336. Calculate m(-6).
-66
Let n(p) = -2*p**2 + 5*p - 29. Determine n(5).
-54
Let t(w) = 2*w**2 + 9*w - 7. Give t(-11).
136
Let r(y) = -2*y**3 + 15*y**2 + 748*y - 4607. What is r(6)?
-11
Let q(a) = 1418*a + 60962. What is q(-43)?
-12
Let a(w) = 2*w**3 + 69*w**2 - 33*w + 54. Calculate a(-35).
-16
Let d(v) = v**3 - 11*v**2 + 44*v - 98. Calculate d(4).
-34
Let x(i) = -2*i**3 + 138*i**2 - 135*i + 59. What is x(68)?
127
Let j(